{"id":208,"date":"2020-11-12T20:57:18","date_gmt":"2020-11-12T23:57:18","guid":{"rendered":"http:\/\/unidospeloplaneta.projetochroma.net.br\/?page_id=208"},"modified":"2020-11-13T10:54:26","modified_gmt":"2020-11-13T13:54:26","slug":"jaguara","status":"publish","type":"page","link":"http:\/\/unidospeloplaneta.projetochroma.net.br\/index.php\/produtos\/jaguara\/","title":{"rendered":"Jaguara"},"content":{"rendered":"\n<div class=\"wp-block-image\"><figure class=\"aligncenter size-large is-resized\"><img loading=\"lazy\" src=\"http:\/\/unidospeloplaneta.projetochroma.net.br\/wp-content\/uploads\/2020\/11\/JaguaraLogo.png\" alt=\"\" class=\"wp-image-209\" width=\"444\" height=\"156\" srcset=\"http:\/\/unidospeloplaneta.projetochroma.net.br\/wp-content\/uploads\/2020\/11\/JaguaraLogo.png 592w, http:\/\/unidospeloplaneta.projetochroma.net.br\/wp-content\/uploads\/2020\/11\/JaguaraLogo-300x105.png 300w, http:\/\/unidospeloplaneta.projetochroma.net.br\/wp-content\/uploads\/2020\/11\/JaguaraLogo-230x81.png 230w, http:\/\/unidospeloplaneta.projetochroma.net.br\/wp-content\/uploads\/2020\/11\/JaguaraLogo-350x123.png 350w, http:\/\/unidospeloplaneta.projetochroma.net.br\/wp-content\/uploads\/2020\/11\/JaguaraLogo-480x169.png 480w\" sizes=\"(max-width: 444px) 100vw, 444px\" \/><\/figure><\/div>\n\n\n\n<div class=\"wp-block-image\"><figure class=\"aligncenter size-large is-resized\"><img loading=\"lazy\" src=\"http:\/\/unidospeloplaneta.projetochroma.net.br\/wp-content\/uploads\/2020\/11\/Brasil-1.png\" alt=\"\" class=\"wp-image-210\" width=\"75\" height=\"75\" srcset=\"http:\/\/unidospeloplaneta.projetochroma.net.br\/wp-content\/uploads\/2020\/11\/Brasil-1.png 300w, http:\/\/unidospeloplaneta.projetochroma.net.br\/wp-content\/uploads\/2020\/11\/Brasil-1-150x150.png 150w, http:\/\/unidospeloplaneta.projetochroma.net.br\/wp-content\/uploads\/2020\/11\/Brasil-1-230x230.png 230w\" sizes=\"(max-width: 75px) 100vw, 75px\" \/><\/figure><\/div>\n\n\n\n<p>Tet\u00e3-me Amazonas seryba&#8217;e (No imenso Amazonas)<\/p>\n\n\n\n<p>Tet\u00e3m-a&#8217;s\u00f3-pe (Num mundo m\u00edstico)<\/p>\n\n\n\n<p>Oikob\u00e9 Kunh\u00e3muku (Existe uma \u00edndia)<\/p>\n\n\n\n<p>Serapuangatuba&#8217;e (Que \u00e9 lenda)<\/p>\n\n\n\n<p>Guarini-namo (Que \u00e9 guerreira)<\/p>\n\n\n\n<p>Morubixab-amo (Que \u00e9 hero\u00edna)<\/p>\n\n\n\n<p>Brasiriguaramo (E que \u00e9&#8230;)<\/p>\n\n\n\n<p>Oikoba&#8217;e (Brasileira)<\/p>\n\n\n\n<p><strong>Contos da Jaguara (revista impressa)<\/strong><\/p>\n\n\n\n<div class=\"wp-block-image\"><figure class=\"aligncenter size-large is-resized\"><img loading=\"lazy\" src=\"http:\/\/unidospeloplaneta.projetochroma.net.br\/wp-content\/uploads\/2020\/11\/altemar-domingos-contos-da-jaguara-1.jpg\" alt=\"\" class=\"wp-image-212\" width=\"305\" height=\"438\" srcset=\"http:\/\/unidospeloplaneta.projetochroma.net.br\/wp-content\/uploads\/2020\/11\/altemar-domingos-contos-da-jaguara-1.jpg 609w, http:\/\/unidospeloplaneta.projetochroma.net.br\/wp-content\/uploads\/2020\/11\/altemar-domingos-contos-da-jaguara-1-209x300.jpg 209w, http:\/\/unidospeloplaneta.projetochroma.net.br\/wp-content\/uploads\/2020\/11\/altemar-domingos-contos-da-jaguara-1-230x331.jpg 230w, http:\/\/unidospeloplaneta.projetochroma.net.br\/wp-content\/uploads\/2020\/11\/altemar-domingos-contos-da-jaguara-1-350x503.jpg 350w, http:\/\/unidospeloplaneta.projetochroma.net.br\/wp-content\/uploads\/2020\/11\/altemar-domingos-contos-da-jaguara-1-480x690.jpg 480w\" sizes=\"(max-width: 305px) 100vw, 305px\" \/><\/figure><\/div>\n\n\n\n<p><strong>Resumo: <\/strong>Esta revista traz contos que mostram ao leitor um pouco mais da vida e do universo da Jaguara. Alguns estavam online no site e agora, a pedidos de leitores, tiveram suas vers\u00f5es impressas no formato de m\u00eddia que tanto adoramos: o papel.<\/p>\n\n\n\n<p>A HQ ter\u00e1 o conto &#8220;O covarde&#8221;, desenhada por Aureo Henrique; &#8220;Iber\u00ea, o corajoso&#8221;, desenhada por Ton Marx; &#8220;Uma origem\u2026&#8221;, escrita e desenhada por Altemar Domingos e a hist\u00f3ria in\u00e9dita &#8220;A negocia\u00e7\u00e3o&#8221;, ilustrada por Kleber Lira.<\/p>\n\n\n\n<p>O objetivo principal dessa HQ, que na verdade \u00e9 uma s\u00e9rie, \u00e9 oferecer ao leitor hist\u00f3rias curtas, que revelam mais do cotidiano e das origens da<br>Jaguara.<\/p>\n\n\n\n<p>A proposta dessa s\u00e9rie \u00e9 ser desenhada por ilustradores convidados, dando ao leitor, diferentes estilos art\u00edsticos e interpreta\u00e7\u00f5es visuais.<\/p>\n\n\n\n<p>Uma pr\u00e9via da obra para voc\u00ea:<\/p>\n\n\n\n<figure class=\"wp-block-image size-large\"><img loading=\"lazy\" width=\"724\" height=\"1024\" src=\"http:\/\/unidospeloplaneta.projetochroma.net.br\/wp-content\/uploads\/2020\/11\/Page_12-1-724x1024.png\" alt=\"\" class=\"wp-image-249\" srcset=\"http:\/\/unidospeloplaneta.projetochroma.net.br\/wp-content\/uploads\/2020\/11\/Page_12-1-724x1024.png 724w, http:\/\/unidospeloplaneta.projetochroma.net.br\/wp-content\/uploads\/2020\/11\/Page_12-1-212x300.png 212w, http:\/\/unidospeloplaneta.projetochroma.net.br\/wp-content\/uploads\/2020\/11\/Page_12-1-768x1086.png 768w, http:\/\/unidospeloplaneta.projetochroma.net.br\/wp-content\/uploads\/2020\/11\/Page_12-1-1086x1536.png 1086w, http:\/\/unidospeloplaneta.projetochroma.net.br\/wp-content\/uploads\/2020\/11\/Page_12-1-830x1174.png 830w, http:\/\/unidospeloplaneta.projetochroma.net.br\/wp-content\/uploads\/2020\/11\/Page_12-1-230x325.png 230w, http:\/\/unidospeloplaneta.projetochroma.net.br\/wp-content\/uploads\/2020\/11\/Page_12-1-350x495.png 350w, http:\/\/unidospeloplaneta.projetochroma.net.br\/wp-content\/uploads\/2020\/11\/Page_12-1-480x679.png 480w, http:\/\/unidospeloplaneta.projetochroma.net.br\/wp-content\/uploads\/2020\/11\/Page_12-1.png 1240w\" sizes=\"(max-width: 724px) 100vw, 724px\" \/><\/figure>\n\n\n\n<p><strong><a href=\"http:\/\/jaguara.net\/contos-da-jaguara--01.html\" target=\"_blank\" rel=\"noreferrer noopener\">Clique aqui para comprar!<\/a><\/strong><\/p>\n","protected":false},"excerpt":{"rendered":"<p>Tet\u00e3-me Amazonas seryba&#8217;e (No imenso Amazonas) Tet\u00e3m-a&#8217;s\u00f3-pe (Num mundo m\u00edstico) Oikob\u00e9 Kunh\u00e3muku (Existe uma \u00edndia) Serapuangatuba&#8217;e (Que \u00e9 lenda) Guarini-namo (Que \u00e9 guerreira) Morubixab-amo (Que \u00e9 hero\u00edna) Brasiriguaramo (E que \u00e9&#8230;) Oikoba&#8217;e (Brasileira) Contos da Jaguara (revista impressa) Resumo: Esta revista traz contos que mostram ao leitor um pouco mais da vida e do universo [&hellip;]<\/p>\n","protected":false},"author":1,"featured_media":0,"parent":2,"menu_order":5,"comment_status":"closed","ping_status":"closed","template":"","meta":[],"_links":{"self":[{"href":"http:\/\/unidospeloplaneta.projetochroma.net.br\/index.php\/wp-json\/wp\/v2\/pages\/208"}],"collection":[{"href":"http:\/\/unidospeloplaneta.projetochroma.net.br\/index.php\/wp-json\/wp\/v2\/pages"}],"about":[{"href":"http:\/\/unidospeloplaneta.projetochroma.net.br\/index.php\/wp-json\/wp\/v2\/types\/page"}],"author":[{"embeddable":true,"href":"http:\/\/unidospeloplaneta.projetochroma.net.br\/index.php\/wp-json\/wp\/v2\/users\/1"}],"replies":[{"embeddable":true,"href":"http:\/\/unidospeloplaneta.projetochroma.net.br\/index.php\/wp-json\/wp\/v2\/comments?post=208"}],"version-history":[{"count":3,"href":"http:\/\/unidospeloplaneta.projetochroma.net.br\/index.php\/wp-json\/wp\/v2\/pages\/208\/revisions"}],"predecessor-version":[{"id":250,"href":"http:\/\/unidospeloplaneta.projetochroma.net.br\/index.php\/wp-json\/wp\/v2\/pages\/208\/revisions\/250"}],"up":[{"embeddable":true,"href":"http:\/\/unidospeloplaneta.projetochroma.net.br\/index.php\/wp-json\/wp\/v2\/pages\/2"}],"wp:attachment":[{"href":"http:\/\/unidospeloplaneta.projetochroma.net.br\/index.php\/wp-json\/wp\/v2\/media?parent=208"}],"curies":[{"name":"wp","href":"https:\/\/api.w.org\/{rel}","templated":true}]}}